r?
False
Is 80812583 a prime number?
True
Is 881393 prime?
True
Is 16215887 a prime number?
True
Is 180036193 a prime number?
False
Is 1090637 a prime number?
False
Is 8116681 composite?
False
Is 20930313 composite?
True
Is 18524287 a composite number?
False
Is 5216513 composite?
True
Is 25500227 composite?
True
Is 1098961 prime?
False
Is 21553867 composite?
False
Is 7854313 prime?
True
Is 12240911 a prime number?
True
Is 29111063 a prime number?
True
Is 40360909 composite?
False
Is 41751067 composite?
False
Is 1945667 prime?
False
Is 2440729 prime?
False
Is 11727623 prime?
True
Is 3061973 a prime number?
True
Is 170212423 a prime number?
True
Is 503593 a prime number?
True
Is 6910847 composite?
True
Is 1573907 composite?
False
Is 8312443 composite?
True
Is 261384317 composite?
True
Is 6145877 a composite number?
False
Is 4810649 composite?
False
Is 368555977 a composite number?
True
Is 513593 prime?
True
Is 2513153 prime?
True
Is 187861351 composite?
False
Is 38190863 a prime number?
False
Is 753723723 a composite number?
True
Is 716621 composite?
False
Is 181499 composite?
False
Is 370471 a prime number?
True
Is 1429507 prime?
True
Is 12027139 composite?
False
Is 68323533 composite?
True
Is 144841231 prime?
True
Is 87177823 prime?
True
Is 462106 a composite number?
True
Is 132551 composite?
True
Is 6193123 prime?
True
Is 34850623 a composite number?
False
Is 575009 a prime number?
True
Is 7517 composite?
False
Is 45574465 a prime number?
False
Is 2895407 a prime number?
True
Is 8674037 composite?
False
Is 272903 prime?
True
Is 6972286 prime?
False
Is 65714073 composite?
True
Is 8698961 prime?
True
Is 65001851 a prime number?
False
Is 93118863 a composite number?
True
Is 1921097 a composite number?
False
Is 19661189 a composite number?
True
Is 294138853 prime?
False
Is 2762671 prime?
True
Is 25388837 a prime number?
False
Is 35974987 a prime number?
True
Is 36744439 a composite number?
True
Is 18343137 prime?
False
Is 96903487 a composite number?
True
Is 5980081 a prime number?
True
Is 3387863 a composite number?
False
Is 444443 prime?
True
Is 6359957 a composite number?
False
Is 35471171 prime?
True
Is 15882887 a composite number?
False
Is 21617473 composite?
True
Is 7350773 a composite number?
False
Is 3063569 composite?
False
Is 59501987 a composite number?
True
Is 26724266 composite?
True
Is 4741129 prime?
True
Is 4772939 a prime number?
True
Is 3697633 a composite number?
False
Is 11253757 prime?
False
Is 2580367 composite?
True
Is 40289411 a composite number?
True
Is 48833727 a prime number?
False
Is 3155137 composite?
False
Is 2599039 a prime number?
True
Is 733523 a prime number?
False
Is 155772677 a composite number?
False
Is 4424921 prime?
True
Is 20841089 a composite number?
False
Is 341550089 composite?
False
Is 10870847 a prime number?
False
Is 5336447 a prime number?
True
Is 497621 a composite number?
True
Is 683276871 composite?
True
Is 78533041 a prime number?
True
Is 557423 prime?
True
Is 1369343 a composite number?
True
Is 645350403 composite?
True
Is 9590803 a prime number?
False
Is 50980049 composite?
False
Is 554427119 composite?
True
Is 23397599 composite?
False
Is 206158055 a composite number?
True
Is 13469023 prime?
True
Is 29851 composite?
False
Is 5591257 a composite number?
True
Is 227521393 composite?
True
Is 6012397 a prime number?
False
Is 291221837 a prime number?
False
Is 225967939 prime?
False
Is 361739197 prime?
True
Is 158162405 a composite number?
True
Is 69262639 a composite number?
True
Is 13808351 a prime number?
True
Is 129407867 a prime number?
False
Is 413419569 a prime number?
False
Is 156295 prime?
False
Is 2359499 prime?
True
Is 18390949 prime?
False
Is 2393669 a composite number?
True
Is 9516959 a composite number?
True
Is 6084097 prime?
True
Is 150485059 prime?
False
Is 2018309 prime?
True
Is 296279233 a composite number?
False
Is 36304859 prime?
True
Is 52783 composite?
False
Is 2618579 a composite number?
False
Is 19217879 prime?
True
Is 4613237 a prime number?
True
Is 5728783 a composite number?
True
Is 8345279 a prime number?
True
Is 46333571 prime?
False
Is 17117291 prime?
True
Is 359982511 a composite number?
True
Is 19568551 a prime number?
True
Is 853283 composite?
False
Is 11400007 a prime number?
False
Is 2212321 a composite number?
False
Is 3273043 a composite number?
False
Is 2359537 composite?
False
Is 7490633 composite?
True
Is 120176297 prime?
False
Is 9019327 a prime number?
True
Is 1251787 prime?
True
Is 13703473 a composite number?
True
Is 485717 a prime number?
True
Is 403891013 prime?
True
Is 34569401 composite?
False
Is 247763207 a composite number?
False
Is 871337 composite?
False
Is 3738719 composite?
True
Is 460113 composite?
True
Is 847391 prime?
False
Is 743551141 a prime number?
False
Is 157619167 prime?
True
Is 71519053 a prime number?
True
Is 41070017 a composite number?
False
Is 3743141 prime?
True
Is 1069235 a composite number?
True
Is 1736783 a composite number?
True
Is 117224515 a prime number?
False
Is 2379539 composite?
True
Is 129698083 a composite number?
True
Is 12327889 composite?
True
Is 2785313 a prime number?
True
Is 591719917 a prime number?
False
Is 2253379 a composite number?
True
Is 149740823 a prime number?
False
Is 115727587 prime?
True
Is 168381649 a composite number?
False
Is 17693607 prime?
False
Is 3278477 a prime number?
True
Is 107403017 prime?
False
Is 5586193 prime?
False
Is 1949009 prime?
False
Is 75420767 a prime number?
True
Is 10432117 a composite number?
False
Is 158322151 a composite number?
True
Is 9210007 a prime number?
False
Is 22185781 a prime number?
True
Is 35845757 a prime number?
True
Is 21376601 prime?
True
Is 15623567 a prime number?
False
Is 2310643 a composite number?
False
Is 7204729 a prime number?
False
Is 19985221 a composite number?
True
Is 4372441 a prime number?
True
Is 79727731 a prime number?
False
Is 221101 a composite number?
False
Is 468079 composite?
False
Is 154937479 prime?
True
Is 3678371 a composite number?
True
Is 66280207 a prime number?
False
Is 10620007 prime?
True
Is 50422153 prime?
False
Is 6457163 a composite number?
False
Is 557129 composite?
True
Is 1118881 a prime number?
False
Is 5691041 prime?
True
Is 5418901 prime?
True
Is 1997234 composite?
True
Is 456671 composite?
True
Is 2298937 prime?
True
Is 74620223 composite?
False
Is 2355883 prime?
True
Is 20513321 a prime number?
False
Is 288403383 prime?
False
Is 156469813 prime?
True
Is 3331399 composite?
False
Is 10900999 a prime number?
True
Is 2716223 a composite number?
False
Is 54415243 a prime number?
True
Is 551649979 prime?
False
Is 4083491 composite?
True
Is 3559861 prime?
True
Is 24189713 composite?
True
Is 187538289 composite?
True
Is 15052007 prime?
False
Is 362783 composite?
True
Is 6831641 a prime number?
False
Is 25626373 a prime number?
False
Is 21282829 a prime number?
True
Is 141777151 composite?
False
Is 70212487 prime?
True
Is 73738681 a prime number?
True
Is 293064833 a prime number?
True
Is 30173051 prime?
True
Is 896922943 composite?
True
Is 3518417 prime?
False
Is 49263703 a prime number?
True
Is 76148197 prime?
True
Is 46686683 composite?
True
Is 110505467 composite?
False
Is 2671351 prime?
True
Is 165595 composite?
True
Is 18369569 a prime number?
False
Is 5274637 a prime number?
False
Is 101922643 composite?
True
Is 241277 a composite number?
True
Is 260755747 a prime number?
False
Is 98387 composite?
False
Is 46400135 a prime number?
False
Is 82119601 composite?
True
Is 23437129 composite?
True
Is 1081895 composite?
True
Is 2567501 composite?
True
Is 4478641 a composite number?
False
Is 166099451 prime?
False
Is 3821317 composite?
False
Is 3985951 composite?
False
Is 92169413 prime?
False
Is 53013661 a composite number?
True
Is 3080827 a composite number?
True
Is 979313 a composite number?
False
Is 91284923 a prime number?
True
Is 5456869 prime?
False
Is 733252001 a prime number?
False
Is 129744649 prime?
True
Is 12115013 a prime number?
True
Is 50670547 composite?
True
Is 11044297 a composite number?
True
Is 6675709 prime?
True
Is 65074847 prime?
True
Is 18526841 a composite number?
False
Is 10603007 prime?
False
Is 25293377 prime?
True
Is 8276273 prime?
True
Is 35477743 a composite number?
True
Is 3088289 a prime 